is the remainder when 290 is divided by x?
68
Let i = 189 - 120. Let s be 27*(-3 + 7)/2. Calculate the remainder when i is divided by s/(((-63)/(-6))/7).
33
Let c = 767 - 738. Suppose -2*g - v + 226 = 0, g - v + 4*v - 108 = 0. Calculate the remainder when g is divided by c.
27
Let f(r) = -r**3 + r**2 - r + 32. Suppose 0*j = 5*j - 5, 2 = -2*g + 2*j. Calculate the remainder when 23952/192 - 3/(-12) is divided by f(g).
29
Suppose 3*v + 4*z = -1147, -16*v + 1908 = -21*v - 3*z. Let l = 690 + v. Calculate the remainder when l is divided by 62.
61
Let s = 3 - -3. Let z(k) = -57*k - 722. What is the remainder when z(-15) is divided by (-8)/s*102/(-4)?
31
Suppose -4*y = 4*z + 8, 5*z - y + 4 = 3*z. Calculate the remainder when 123 is divided by 5/2 - 87/z.
31
Suppose 0*n + 180 = -9*n. Suppose s + 0*s - j = -43, -5*j - 127 = 4*s. Let b = n - s. Calculate the remainder when b is divided by 12.
6
Let u = -15 - -26. Suppose 10*o - 1542 - 788 = 0. Let b = o + -191. What is the remainder when b is divided by u?
9
Let a = -24601 - -24880. Calculate the remainder when a is divided by 147.
132
Let y be 6 - -19 - (3 + -4). Let s = 26 - y. Suppose s = 9*u - 3*u - 48. What is the remainder when 28 is divided by u?
4
Let v = -987 + 1088. Suppose b = m + v, -4*b - 3*m + 85 + 298 = 0. What is the remainder when b is divided by 13?
7
Let t be 0*((-3 - 3) + 5). Suppose -4*v + t*v = -104. Calculate the remainder when 129 is divided by v.
25
Let p(m) = m**2 - m + 77. Let j = 654 + -641. Calculate the remainder when p(0) is divided by j.
12
Suppose r + 2493 = 3*a, 4*r - 2273 - 1099 = -4*a. Let s = -64 + 91. What is the remainder when a is divided by s?
24
Suppose -9*a + 14*a - 505 = 0. Let j = -96 + a. Suppose -j*d + 2*s + 587 = 0, -243 - 360 = -5*d - 2*s. What is the remainder when d is divided by 12?
11
Let p be (-4 - 0) + 6 + 0. Suppose -5*a + 51 = -2*v, 4*v - 5*v = -p. Suppose 14*g - a*g = 21. What is the remainder when 82 is divided by g?
5
Suppose -40*t + 38*t = -138. Suppose 12*v = t + 3747. Calculate the remainder when v is divided by 64.
62
Let s be ((-308)/(-6))/(2/3). Let d = s + -76. What is the remainder when d/(-5) - (-6510)/50 is divided by 22?
20
Let l(j) = 29*j**2 - j - 2. Let a(m) = -9*m + 10*m - 3*m - 25. Let n be a(-12). Calculate the remainder when l(n) is divided by 10.
8
Suppose -43*r + 33*r = -43*r + 4422. Let h(p) = -p**3 - 7*p**2 - 8*p + 11. Calculate the remainder when r is divided by h(-7).
0
Suppose -424*c + 64132 = -46937 + 5917. What is the remainder when c is divided by 20?
8
Suppose -10*k + 9149 = 9079. What is the remainder when 208 is divided by k?
5
Let c(q) = -31. Let z(k) = k + 62. Let w(p) = -5*c(p) - 3*z(p). Let u = 280 + -179. What is the remainder when u is divided by w(-16)?
16
Let u(x) = x**3 + 11*x**2 - 15*x - 29. Let h(a) = -16*a - 107. Let m be h(-10). Suppose -m = -10*d + 267. What is the remainder when d is divided by u(-12)?
4
Let v(i) = 109*i - 175. What is the remainder when 1886 is divided by v(2)?
37
Let r be 4/((66/(-36))/11) + 0. Suppose 140 = 4*a + a. Let i = a + r. Calculate the remainder when 12 is divided by i.
0
Let d = -4569 - -4578. Calculate the remainder when 340 is divided by d.
7
Suppose 106*n = 107*n + 10. What is the remainder when 271 is divided by ((-54)/12)/(n/((-140)/(-3)))?
19
Suppose -1312 = 753*f - 794*f. Let r be 0/(0 - -3 - 2). Let g(n) = n**3 + n**2 + 7. What is the remainder when f is divided by g(r)?
4
Let a(n) = -4449*n - 8630. Suppose -i + 46 - 2 = 2*u, -4*u - 74 = -i. What is the remainder when a(-2) is divided by i?
52
Let y(j) = -40*j + 2275. Suppose 2*h + 3*h - 2*x = 196, 2*h - 5*x = 70. Calculate the remainder when y(51) is divided by h.
35
Suppose 854 = 216*f - 185*f - 262. What is the remainder when 85 is divided by f?
13
Suppose 4*p - 12*p = -16. Suppose -5*d - 124 = -p*v + 9, 3*d = -3*v + 252. Calculate the remainder when v is divided by 39.
1
Let w(l) = 2*l**2 - 78*l + 173. What is the remainder when 988 is divided by w(37)?
13
Suppose -a = -4*h + 106, 15*h - 10*h - 3*a - 129 = 0. Calculate the remainder when h/(-18) + 422/4 is divided by 22.
16
What is the remainder when 982 is divided by (-818)/2045 - 194/(-10)?
13
Let c(m) = -m**3 + 27*m**2 - 29*m + 72. Let d be c(26). Calculate the remainder when 87 is divided by d/231*-11 + (-89)/(-7).
9
Let w(y) = -2*y**2 + 32*y + 11. What is the remainder when 10857 is divided by w(13)?
88
What is the remainder when 35 is divided by ((342/(-15))/6)/(183/(-15) + 12)?
16
Let b(i) = i**2 - 4*i - 8. Let h(x) = -4*x + 37. Let s be h(8). Suppose -2 - 88 = -s*k. Calculate the remainder when b(10) is divided by k.
16
Suppose 2*q - 2*j - 892 = -6*j, 0 = 3*q + 5*j - 1335. Let k = q - 384. What is the remainder when 391 is divided by k?
55
Let x = 29 + -24. Suppose v = 1 + x. Suppose j - 5*q + 9 = 29, -3*j = -q - 130. Calculate the remainder when j is divided by v.
3
Suppose q + 247 = 5*s, 6*s - 2*q - 119 = 179. Calculate the remainder when (-3 + (3 - -1))*435/3 is divided by s.
47
Let x = 19 - 33. Let j = -11 + 3. Let m = j - x. What is the remainder when 23 is divided by m?
5
Let n = -23 + 15. Let b(c) = -2*c + 9. What is the remainder when 5/((-40)/(-98))*4 is divided by b(n)?
24
Let a(g) = g**3 + 24*g**2 + 19*g - 24. Let f be a(-23). Let n = -73 + f. Calculate the remainder when 50 is divided by n*2/15 - (-160)/6.
24
Suppose 5*i + 12*q - 52515 = -18*q, -5*i = -2*q - 52739. What is the remainder when i is divided by 12?
9
Let u(n) = n**3 + 10*n**2 - 20*n + 31. Let t be u(-13). Calculate the remainder when 49 is divided by (0 - -3*1)*t/(-36).
13
Let p(k) = -k**3 - 9*k**2 - 17*k - 12. Suppose -183 - 6 = 21*y. What is the remainder when p(y) is divided by 18?
15
Let f be (-18)/((6 + 32/(-5))*5). Let q(h) = -2*h**2 + 17*h + 31. Calculate the remainder when 25 is divided by q(f).
3
Let w be (198/15)/((-2)/(-55)). Let d = 5138 - 5033. Suppose -9*q = -w - d. Calculate the remainder when q is divided by 18.
16
Suppose -3 + 25 = 2*y. Suppose 3*v + 677 = 4*h, 1 = v + 4. Let k = h + -135. What is the remainder when k is divided by y?
10
Let n(m) = 16*m**2 + 6*m - 3. Suppose 4*v + 144 = 4*r, 3*v - 147 = -2*r - 55. What is the remainder when n(4) is divided by r?
37
Suppose -5*d = 7*q - 120, -28*d + 24*d + 4*q = -144. Calculate the remainder when 261 is divided by d.
13
Suppose 0 = 547*s - 84*s - 89396 - 17094. Calculate the remainder when 1823 is divided by s.
213
Let q(f) = -96*f - 1122. What is the remainder when q(-71) is divided by 35?
24
Let p(z) be the second derivative of z**5/20 + z**4/3 + z**3/2 + 13*z. Let t be p(-2). Suppose -6*y + 56 = t*y. Calculate the remainder when 26 is divided by y.
5
Let f = 181 - -59. Suppose 17*j - 5*j = -f. Calculate the remainder when (j/(-15))/((28/(-72))/(-7)) is divided by 5.
4
Suppose 0 = -2*y + 125 + 713. What is the remainder when 874 is divided by y?
36
Calculate the remainder when 570 is divided by (-2183701)/(-12773) - (-2)/53.
57
Let m(s) = s**3 + s**2 + 2*s + 127. Let d(n) = -126*n + 556. What is the remainder when m(0) is divided by d(4)?
23
Let p be (12/(-16))/(5/(-20)). Suppose -2*n + 66 = -32. What is the remainder when n is divided by p + 17 - (-9)/(-3)?
15
Suppose -116*c = -20*c - 47136. What is the remainder when c is divided by 200?
91
Let q(t) = -t**3 - 6*t**2 + 6*t - 16. Let d be q(-9). Let l = d - 142. What is the remainder when l is divided by 14/(-4)*2*-1?
3
Suppose -53*l + 2088 = -7770. Suppose l = 9*y - 6*y. What is the remainder when y is divided by 13?
10
Let i(q) = 5 - 3*q**3 - 12*q**2 + 4*q**3 - 2*q + 24*q. What is the remainder when i(10) is divided by 13?
12
Let i = -25 - -27. Suppose -i*w - 5*v = -37, -2*w + 4*v - 14 = -w. What is the remainder when ((0 - w) + -471)*2/(-6) is divided by 40?
39
Suppose 143*b = 141*b + 8. Let d be b/((1 - 18/16)*-2). What is the remainder when (d/(-12)*24)/(-1) is divided by 3?
2
Suppose -13*n + 185 - 81 = 0. What is the remainder when 50 is divided by n?
2
Let d = -30 + 18. Let g be 321/((1*d)/(-4)). Suppose 2*n = 59 + g. What is the remainder when n is divided by 29?
25
Let l(x) = -x**2 + 5*x + 23. Let o be l(7). Let i(r) = 68*r - 294. Calculate the remainder when i(o) is divided by 40.
38
Let d = -3298 - -7338. Calculate the remainder when d is divid